be ((-224)/(-6))/(81/(-243)). Let n = g - q. List the prime factors of n.
7
Let m(v) = -v**3 + 17*v**2 - 7*v + 11. Let a be m(5). Suppose u = a + 264. List the prime factors of u.
2, 3, 5
Let v = 5844 + -732. List the prime factors of v.
2, 3, 71
Let i(s) = s**2 + 6*s - 6. Let g be i(-7). Let m be (-8)/(-15)*5 + g/3. Suppose -n + 4 = 0, 5*r - 272 = m*n - n. What are the prime factors of r?
2, 7
Let r(g) = -165*g - 80. Let i(w) = 164*w + 78. Let b(q) = 5*i(q) + 4*r(q). What are the prime factors of b(2)?
2, 3, 5, 13
What are the prime factors of -734*(-13)/78*66?
2, 11, 367
Let l = 20178 - 11015. What are the prime factors of l?
7, 11, 17
Suppose 2060 = 3*w - 1942. What are the prime factors of w?
2, 23, 29
Let a(p) = 29833*p**3 + 8*p**2 - 32*p + 27. What are the prime factors of a(1)?
2, 7459
Let u(l) = -2*l**2 + 8*l + 7. Let w be u(4). Let s(q) be the first derivative of 16*q**2 - 25*q - 64. List the prime factors of s(w).
199
Suppose -x + 324 = 4*c, 0 = 8*x - 4*x - 2*c - 1224. Let a = -122 - -329. Let f = x - a. What are the prime factors of f?
101
Suppose 12*d = -101 + 305. What are the prime factors of 1082/6*(20 - d)?
541
Let a(v) = -18*v**2 + 1910*v + 55. What are the prime factors of a(24)?
35527
Let s(g) = -19*g - 35. Let j be s(-2). What are the prime factors of 8*(j + 3688/16)?
2, 467
What are the prime factors of 228/(-16)*-188*1/3?
19, 47
Let f(a) = -7991*a + 842. What are the prime factors of f(-1)?
11, 73
Let y = 1908 + -1040. Suppose 0 = 8*w - w - y. Suppose 0 = 5*v - 56 - w. What are the prime factors of v?
2, 3
Let t = 398 + -378. List the prime factors of (t/(-10))/((-2)/782).
2, 17, 23
Let y(c) be the third derivative of -c**6/120 + c**5/6 - c**4/12 + 11*c**3/3 - 116*c**2. List the prime factors of y(10).
2
Let u = 195 + -106. Let y(g) = 191 - 191 - u*g. What are the prime factors of y(-2)?
2, 89
Let h be 5 + 1 + (-10 - 194). Let d = -100 - h. List the prime factors of d.
2, 7
Let d(q) = -q**2 - 31*q + 53. Let y be ((-1122)/(-176))/((-3)/(-4))*-2. What are the prime factors of d(y)?
3, 97
Suppose v - 3*k = -3*v + 708, 4*v - 2*k = 708. Suppose 0*u - v = -u - 4*j, 173 = u + 5*j. List the prime factors of u.
193
Suppose -9*g + b + 815950 = 0, 5*b - 182542 = -2*g - 1178. List the prime factors of g.
2, 11, 13, 317
Let d be ((-2 - -95) + -4)*2. Suppose -d = -2*c - 4*t + 142, 0 = -c - t + 161. What are the prime factors of c?
2, 3
Suppose -58*c + 71*c = -195. Let z(b) = -17*b + 57. List the prime factors of z(c).
2, 3, 13
Suppose a - 150 = -33. Let v = 419 - a. List the prime factors of v.
2, 151
Suppose -4*m = -2*w + 13464 + 26900, -w = 5*m - 20196. List the prime factors of w.
2, 10093
Let q be (1 + 28/(-8))/((-5)/4). Let h = -233 - -416. Suppose -q*m = -29 - h. List the prime factors of m.
2, 53
Suppose 1 + 5 = -z + 2*r, -r = -1. Let f(c) = -205*c - 12. List the prime factors of f(z).
2, 101
Let s(q) = 46*q - 50. Let g be s(8). Suppose 11*k - 9*k = 3*x + g, -x = 2*k - 318. What are the prime factors of k?
3, 53
Let t(a) = 47*a**2 + 156*a - 2. Suppose 22*k = 4*k - 72. List the prime factors of t(k).
2, 3, 7
Suppose -61*b - 28*b = 107*b - 2453724. What are the prime factors of b?
3, 13, 107
Let c = 955 + -2075. List the prime factors of ((-3)/(-3))/(5*(-7)/c).
2
List the prime factors of (-46870)/(-4)*(-332)/(-415).
2, 43, 109
Let d(n) be the second derivative of 73*n**3/6 + 53*n**2/2 - 3*n - 1. List the prime factors of d(5).
2, 11, 19
Suppose -h = h + 4*r + 6, -h + 3*r = -12. Let a(b) = -16*b - h*b - 15 - 18*b + 16*b. What are the prime factors of a(-12)?
3, 79
Suppose 5*v - 13*r - 44615 = -14*r, -4*r = 20. Suppose -21*o - v = -44*o. List the prime factors of o.
2, 97
Let p(n) = n**3 + 30*n**2 + 44. Let h(o) = o**2 + 25*o + 17. Let d be h(-23). List the prime factors of p(d).
3, 5, 59
Let b = 539 - 799. Suppose 9*y + 2*w = 13*y + 682, -3*y + w - 509 = 0. Let u = y - b. What are the prime factors of u?
2, 23
Suppose -43 - 23 = -6*v. Suppose 4*h = -v + 23. Suppose 5*d = h*r - 217 - 288, -529 = -3*r - d. List the prime factors of r.
5, 7
Suppose 329*c = 327*c + 10. Let p be -1 + -1 + 8 + 2. Suppose a = -c*n + 15, 0 = -n + a + p + 1. List the prime factors of n.
2
Let h(z) = 2*z**2 - 39*z - 5. Let j be (5 - (-4 + 13))*(-1 - 0). Suppose 4*g - 87 = 3*b, -2*g + 3*g - 17 = -j*b. List the prime factors of h(g).
2, 29
Let s = 22045 + 4605. List the prime factors of s.
2, 5, 13, 41
Let b = 23617 + 2787. List the prime factors of b.
2, 7, 23, 41
Let c = 87 + 9. Suppose 490 = -91*s + c*s. What are the prime factors of s?
2, 7
Suppose 0 = -3*d + 2*y + 2396, -5*d - 4*y - 753 + 4717 = 0. What are the prime factors of d?
2, 199
Suppose -58*x = 294*x - 11204512. What are the prime factors of x?
139, 229
Suppose -5*v + 335 = q - 3061, -4*q = 5*v - 13644. List the prime factors of q.
2, 7, 61
Suppose -19330 = -1864*t + 1863*t + 2*y, -4*y + 96566 = 5*t. List the prime factors of t.
2, 13, 743
Suppose -7*v - 2*l = -5*v - 26, 65 = 5*v + l. Suppose 11*g = -v*g + 5736. List the prime factors of g.
239
What are the prime factors of 8/(-60) + (-41)/(-369)*(-331656)/(-5)?
2, 5, 11, 67
Suppose 552 = -4*u - 3*b, -2*b + 8 = -4*b. Let i = u - -711. List the prime factors of i.
2, 3
Let n be (20/5 - -12) + 2. Suppose 0 = 18*w - 19*w + n. What are the prime factors of (279/w)/((-2)/(-4))?
31
Let f(w) = 450*w**2 - 10*w - 8. Let j be (14/(-21))/(6/9). List the prime factors of f(j).
2, 113
Let j(w) = -w**3 - 11*w**2 + 3*w + 36. Let h be j(-11). Suppose -h*c + 29 + 13 = 0. What are the prime factors of c?
2, 7
Suppose 2447 = -2*w - 5*g, -845 = 3*w - 5*g + 2813. What are the prime factors of (w/66)/(1/(-36))?
2, 3, 37
List the prime factors of (14 - 9 - -24417) + -12.
2, 5, 2441
Let p(u) = -55*u + 654. List the prime factors of p(-114).
2, 3, 577
Let q(o) = 874*o - 3385. What are the prime factors of q(40)?
3, 5, 421
Let l = 31 + -8. Let f = 360 + l. What are the prime factors of f?
383
Let x(w) = -198*w - 3. Let t be x(-1). List the prime factors of 1*(t + 0/5).
3, 5, 13
Let u = 141488 + -73129. What are the prime factors of u?
197, 347
Let d = -16 - -20. Suppose 8*g - 8 = -4*q + d*g, -3*q - 4*g = -6. Suppose -4*c = -2*u - u - 134, q*c = 3*u + 70. What are the prime factors of c?
2
Suppose 120450 = 26*q + 4*q. List the prime factors of q.
5, 11, 73
Let x(s) = s**2 + 5*s. Let u be x(-5). Let n(l) = l + 44. Let o(b) = -3*b - 88. Let c(y) = 5*n(y) + 2*o(y). What are the prime factors of c(u)?
2, 11
Let p be (129*-1)/3*1. Let f = p - -47. Suppose 560 = f*a + 148. What are the prime factors of a?
103
Let r(x) = -x**3 - 2*x**2 - 5*x. Let c be r(-4). Let a = c + -37. What are the prime factors of (-8)/(-10) - (-1308)/a?
2, 11
Let r = -119 - -121. Suppose -r*i = 2*p - 522, 775 = -0*i + 3*i + 5*p. What are the prime factors of i?
5, 53
Suppose 2*k = h + 5, 2*k - k + 2 = 2*h. Suppose -4*d = -4*f - 2332, 2*d + 0*f = k*f + 1172. List the prime factors of d.
2, 5, 29
Let u = 447 + -247. Let d = 36 + u. List the prime factors of d.
2, 59
Let o be ((-1)/1)/(10/(-560)). Suppose -8*s + 4*s = o. Let l = s + 25. What are the prime factors of l?
11
Let r(w) = -4*w**2 + w**3 + 100 - 110 + 0*w - 12*w + 14*w**2. Let x be r(-11). List the prime factors of (28/2 - x)/1.
13
What are the prime factors of (-116)/232*(84683/(-6) + (-2)/12)?
7057
Let p be ((-16)/4)/(-16) + 41783/(-28). Let l = p - -2415. List the prime factors of l.
13, 71
What are the prime factors of (0 - 4) + (14 - -22037)?
3, 7349
What are the prime factors of (-192)/(((-1)/(-7))/((2160/(-28))/9))?
2, 3, 5
Suppose 16*o - 18*o = 772. Let p = o - -654. What are the prime factors of p?
2, 67
Let g(o) = 6*o**3 - 3*o**2 + 12*o + 21. Let x be g(-6). Let h = x - -2153. What are the prime factors of h?
2, 349
Suppose 5*n - 758 - 2608 = -2*s, 4*n = 24. What are the prime factors of s?
2, 3, 139
Let b(a) = 3*a**2 - 2*a + 67. Let w be b(-11). Let t = 1490 - w. What are the prime factors of t?
2, 3, 173
Let g = -226 - -236. Suppose g*b + 1145 = 15*b. List the prime factors of b.
229
Let q = 943 + -391. Let b = 37 + q. What are the prime factors of b?
19, 31
Let i(m) = 3*m**2 + m - 1. Let x(q) = q**2. Let w(n) = i(n) - 2*x(n). Let d(p) = p + 26. Let t(z) = d(z) + w(z). List the prime factors of t(-8).
73
List the prime factors of 